 the remainder when 11646 is divided by 3663?
657
Calculate the remainder when 887845 is divided by 26.
23
Calculate the remainder when 21548 is divided by 514.
474
Calculate the remainder when 1469648 is divided by 455.
453
Calculate the remainder when 22297 is divided by 135.
22
Calculate the remainder when 21891 is divided by 359.
351
What is the remainder when 2415700 is divided by 94?
88
What is the remainder when 5599 is divided by 2732?
135
What is the remainder when 77213 is divided by 254?
251
What is the remainder when 22971 is divided by 27?
21
Calculate the remainder when 252 is divided by 66.
54
What is the remainder when 553841 is divided by 138453?
29
What is the remainder when 85489 is divided by 518?
19
What is the remainder when 39174 is divided by 236?
234
What is the remainder when 5924 is divided by 2910?
104
What is the remainder when 57392 is divided by 302?
12
What is the remainder when 21181 is divided by 307?
305
Calculate the remainder when 2791 is divided by 216.
199
What is the remainder when 1521350 is divided by 98?
96
Calculate the remainder when 1450 is divided by 404.
238
Calculate the remainder when 137049 is divided by 24.
9
What is the remainder when 1188515 is divided by 673?
670
What is the remainder when 89622 is divided by 77?
71
What is the remainder when 33931 is divided by 848?
11
What is the remainder when 11512 is divided by 60?
52
What is the remainder when 885 is divided by 183?
153
Calculate the remainder when 294489 is divided by 759.
756
Calculate the remainder when 12161 is divided by 6069.
23
Calculate the remainder when 330873 is divided by 63.
60
What is the remainder when 1436 is divided by 83?
25
Calculate the remainder when 3323 is divided by 367.
20
Calculate the remainder when 56048 is divided by 666.
104
Calculate the remainder when 87535 is divided by 346.
343
What is the remainder when 85169 is divided by 15?
14
What is the remainder when 49655 is divided by 24827?
1
What is the remainder when 1145014 is divided by 248?
246
What is the remainder when 539833 is divided by 14?
7
Calculate the remainder when 11827 is divided by 211.
11
What is the remainder when 630345 is divided by 139?
119
Calculate the remainder when 170535 is divided by 609.
15
Calculate the remainder when 14592 is divided by 21.
18
Calculate the remainder when 396 is divided by 153.
90
What is the remainder when 13118 is divided by 188?
146
What is the remainder when 18072 is divided by 1500?
72
Calculate the remainder when 446683 is divided by 66.
61
What is the remainder when 312536 is divided by 11?
4
What is the remainder when 910 is divided by 172?
50
Calculate the remainder when 391358 is divided by 491.
31
What is the remainder when 245423 is divided by 5335?
13
Calculate the remainder when 311 is divided by 154.
3
Calculate the remainder when 4176 is divided by 1384.
24
What is the remainder when 2233 is divided by 80?
73
Calculate the remainder when 5315 is divided by 49.
23
What is the remainder when 1600223 is divided by 2532?
2531
Calculate the remainder when 720900 is divided by 34.
32
Calculate the remainder when 29563 is divided by 28.
23
What is the remainder when 44399 is divided by 60?
59
What is the remainder when 735 is divided by 380?
355
What is the remainder when 4993 is divided by 24?
1
What is the remainder when 16151 is divided by 1407?
674
Calculate the remainder when 2595 is divided by 114.
87
What is the remainder when 7507 is divided by 73?
61
What is the remainder when 2309 is divided by 1489?
820
What is the remainder when 50548 is divided by 124?
80
Calculate the remainder when 102409 is divided by 15.
4
Calculate the remainder when 21122 is divided by 4180.
222
Calculate the remainder when 40485 is divided by 84.
81
What is the remainder when 670 is divided by 332?
6
Calculate the remainder when 47903 is divided by 1409.
1406
What is the remainder when 1100 is divided by 1004?
96
What is the remainder when 47390 is divided by 157?
133
What is the remainder when 34556 is divided by 101?
14
Calculate the remainder when 4441 is divided by 738.
13
What is the remainder when 45260 is divided by 321?
320
Calculate the remainder when 2780 is divided by 121.
118
Calculate the remainder when 171642 is divided by 44.
42
What is the remainder when 7453 is divided by 97?
81
Calculate the remainder when 1764 is divided by 289.
30
What is the remainder when 22028 is divided by 132?
116
What is the remainder when 182888 is divided by 310?
298
Calculate the remainder when 40131 is divided by 68.
11
What is the remainder when 528937 is divided by 265?
262
Calculate the remainder when 3066 is divided by 832.
570
Calculate the remainder when 34834 is divided by 1445.
154
What is the remainder when 266698 is divided by 21?
19
Calculate the remainder when 2370 is divided by 419.
275
What is the remainder when 5224 is divided by 351?
310
What is the remainder when 22282 is divided by 76?
14
Calculate the remainder when 102580 is divided by 246.
244
Calculate the remainder when 12109 is divided by 380.
329
What is the remainder when 21774 is divided by 983?
148
Calculate the remainder when 4408 is divided by 107.
21
What is the remainder when 37889 is divided by 81?
62
What is the remainder when 2313 is divided by 1436?
877
What is the remainder when 80781 is divided by 204?
201
Calculate the remainder when 763870 is divided by 218.
216
Calculate the remainder when 139895 is divided by 87.
86
Calculate the remainder when 56371 is divided by 14047.
183
Calculate the remainder when 21353 is divided by 2130.
53
What is the remainder when 2174 is divided by 261?
86
Calculate the remainder when 3109 is divided by 3085.
24
What is the remainder when 1881 is divided by 7?
5
Calculate the remainder when 148609 is divided by 212.
209
Calculate the remainder when 218963 is divided by 3910.
3
What is the remainder when 4862 is divided by 4396?
466
What is the remainder when 72307 is divided by 264?
235
Calculate the remainder when 53 is divided by 15.
8
Calculate the remainder when 141528 is divided by 7.
2
Calculate the remainder when 2492 is divided by 436.
312
Calculate the remainder when 7000 is divided by 987.
91
What is the remainder when 4103 is divided by 1364?
11
Calculate the remainder when 15602 is divided by 122.
108
Calculate the remainder when 1451230 is divided by 144.
142
Calculate the remainder when 608322 is divided by 59.
32
What is the remainder when 26327 is divided by 116?
111
Calculate the remainder when 2807 is divided by 562.
559
Calculate the remainder when 108833 is divided by 178.
75
Calculate the remainder when 7319 is divided by 94.
81
Calculate the remainder when 15560 is divided by 5185.
5
What is the remainder when 404 is divided by 187?
30
Calculate the remainder when 252261 is divided by 71.
69
Calculate the remainder when 1940 is divided by 217.
204
Calculate the remainder when 177498 is divided by 11093.
10
What is the remainder when 223654 is divided by 24?
22
Calculate the remainder when 14275 is divided by 431.
52
Calculate the remainder when 5301 is divided by 221.
218
Calculate the remainder when 5382629 is divided by 495.
494
Calculate the remainder when 29218 is divided by 7276.
114
What is the remainder when 154677 is divided by 5523?
33
What is the remainder when 926313 is divided by 13?
11
What is the remainder when 16523 is divided by 346?
261
Calculate the remainder when 456470 is divided by 152155.
5
Calculate the remainder when 431535 is divided by 61646.
13
What is the remainder when 405280 is divided by 14?
8
What is the remainder when 1606705 is divided by 227?
226
Calculate the remainder when 2072 is divided by 1634.
438
What is the remainder when 19702 is divided by 6?
4
Calculate the remainder when 50008 is divided by 1522.
1304
What is the remainder when 56404 is divided by 47?
4
What is the remainder when 30351 is divided by 10?
1
What is the remainder when 13425 is divided by 4427?
144
Calculate the remainder when 1774 is divided by 75.
49
What is the remainder when 2983 is divided by 107?
94
Calculate the remainder when 136190 is divided by 8.
6
Calculate the remainder when 164214 is divided by 238.
232
Calculate the remainder when 4347 is divided 